units digit of 5575584/1071 + (-8)/(-204)?
6
Suppose -15 = 9*s - 12*s. Let v be (-1)/(s/(-2165) + 0). Let x = 662 - v. What is the tens digit of x?
2
Let l(z) = z**2 - 11*z - 21. Suppose 33 = -4*p + 29. Let y(m) = -15*m + 2. Let c be y(p). What is the tens digit of l(c)?
8
Suppose 4*z - 530 = -34. Suppose -776 = -4*i - z. Let c = 245 - i. What is the tens digit of c?
8
Let o(x) = -3*x - 10*x + 5 + 3 - 2*x**2 + 1. Let t be o(-7). Suppose 0 = -l + 27 + t. What is the tens digit of l?
2
Suppose 0 = -25*y + 20*y + 25. Suppose -3*d - 35 = -4*f + 14, -35 = -5*f - y*d. What is the units digit of f?
0
Let l(v) be the third derivative of 19*v**2 + 7/60*v**5 + 0 - 8/3*v**3 + 0*v + 1/8*v**4 - 1/120*v**6. What is the units digit of l(6)?
8
Suppose -16*m - 19*m = -4760. What is the tens digit of 123/(-82)*(-2 - (m - -2))?
1
Let l(f) = -f + 1. Let s(v) = -4*v + 407 + 12*v - 423. Let b(m) = 2*l(m) + s(m). What is the tens digit of b(11)?
5
Let y = -52 - -57. Suppose y*t - 35 = -10. Suppose -75 = -2*i - 3*a, 268 - 43 = 5*i - t*a. What is the tens digit of i?
4
What is the hundreds digit of ((-32)/120 - 4/(-6))/((-14)/(-529340))?
1
Let k(l) = -l**3 + 12*l**2 + 8*l - 16. Let v(m) = -m + 6. Let u(w) = -5*w + 39. Let f be u(9). Let j be v(f). What is the tens digit of k(j)?
8
Let z(r) = r**2 + 23*r + 2. Suppose 3*s = -5*n + 39, 4*n = -0*s - s + 27. Suppose n + 63 = -3*g. What is the units digit of z(g)?
2
Let u be (-440)/8 + -3 + 6. Let g = u - -83. What is the tens digit of g?
3
Let q(n) = 4*n + 20. Let o(u) = -21. Let d(h) = -6*o(h) - 5*q(h). What is the hundreds digit of d(-4)?
1
Let o(f) = -f**2 - 2*f. Let a(p) = 2*p**2 - 17*p + 14. Let j(s) = a(s) + o(s). What is the units digit of j(23)?
6
Let d be (-3 - -1)*-4 - 0. Suppose 7*y = d*y - 5. Suppose 134 = -y*j + 7*j. What is the units digit of j?
7
Suppose 20*g - 17167 - 17473 = 0. Suppose -g = 202*s - 206*s. What is the units digit of s?
3
Let k = 557 + 5962. What is the hundreds digit of k?
5
Let v = -291 + 36. Let u = v - -609. What is the tens digit of u?
5
Let y be -4*(-3210)/24*2/(-10). Let o = y + 158. What is the units digit of (o*(-1)/2)/((-7)/84)?
6
Let w(o) = -6*o**3 - 18*o**2 + 134*o - 745. What is the thousands digit of w(-23)?
9
Let t(q) = -15*q. Let m be t(-1). Suppose 43*n + 2068 = 4*b + 47*n, 0 = 4*n + 12. What is the units digit of 36/m*b/12?
4
Let w(c) = 14*c + 21. Let o be w(2). Let a = 49 - o. Suppose -3*t + 377 + 283 = a. What is the units digit of t?
0
Let z(u) = -u**3 - 14*u**2 - 22*u + 23. Suppose -3*b - j = 4 + 37, -4*b = -4*j + 28. Let a be z(b). What is the units digit of ((-1)/a)/(-6 + 7)?
1
Suppose 3*f = -2*o - 8, -2*o + 3*f = o - 18. Suppose 2*b - 3*y = -6*y + 20, 4*b - 8 = o*y. Suppose z - 90 = b. What is the units digit of z?
4
Suppose -60*a + 66*a - 9780 = 0. Let h = 2952 - a. What is the thousands digit of h?
1
Suppose -c + 35*c - 5*c = 112317. What is the thousands digit of c?
3
What is the tens digit of (-21 - 358428/(-10)) + (-12)/(-10)?
2
Suppose -27 = -r - 29, p = 2*r + 18676. What is the thousands digit of p?
8
Suppose 0 = -5*a + 17*a. Suppose a = -12*m - 4*m + 3680. What is the tens digit of m?
3
Let i = -354 - -389. What is the units digit of i/(-8 + (-121)/(-15))?
5
Let x = -85 - -416. Suppose -2*i + x + 277 = 0. Suppose g - 385 = -4*l + 5, 3*l = 5*g + i. What is the tens digit of l?
9
Suppose 3*h + 63025 + 10727 = 3*b, -6*b + 2*h + 147508 = 0. What is the ten thousands digit of b?
2
Let h(y) = y**3 + 54*y**2 + 12*y + 40. Let w be h(-22). Suppose 112*m = 103*m + w. What is the tens digit of m?
9
Suppose 4*y - 346 = -5*k, -4*k + 72 = 3*y - 188. What is the units digit of 12598/21 + 8/y?
0
Let r = 19 + -29. Let h be (30 - 15)*r/(-3). Suppose -2*p = -4*j + h, 2*p = 3*j - 0*j - 38. What is the tens digit of j?
1
Let y = -3460 + 6474. What is the thousands digit of y?
3
Let c(t) = t**3 - 5*t**2 - 35*t - 4. Let r be c(9). What is the hundreds digit of ((-524)/(-20) - 5)*r?
1
Let v = 8425 - -1740. What is the hundreds digit of v?
1
Let a(x) = x**3 + 38*x**2 - 10*x + 74. Let z(c) = -c**3 - 7*c**2 + 6*c + 4. Let r be z(-7). What is the hundreds digit of a(r)?
4
Suppose 0 = -22*o - 29510 + 412728. What is the ten thousands digit of o?
1
Suppose 2*h - 7021 = -5*h. Let b = h + -660. What is the hundreds digit of b?
3
Let r(k) = k**2 + 13*k - 17. Let a(i) = 1. Let w(p) = -5*a(p) - r(p). Let x be w(-14). What is the tens digit of (-170)/x - 3/1?
8
Suppose -6 = 3*m, -2*l + 2*m - 3*m = -22. Let c be (-3)/l*-1*12. Suppose -4*z = -2*t - 400, -c*t = z + 11 - 125. What is the tens digit of z?
0
Suppose 7*s - 16 = 3*s. Suppose -s*p = -0 - 12. Suppose 0 = -p*i + 76 + 65. What is the tens digit of i?
4
What is the hundreds digit of (-109780)/(-6) - 144/216?
2
Let t(x) = 289*x**3 + 2*x**2 - 5*x - 4. Let v be t(-1). Let a = 512 + v. What is the hundreds digit of a?
2
Let z be (-2)/(-2) + -209 + -18. Let k = 386 + z. What is the hundreds digit of k?
1
Suppose -12 = -2*k - 6. Let h be 130/(-3) - (-1)/k. Let z = 72 + h. What is the tens digit of z?
2
Let t = 1085 - 1031. Suppose 55*w + 4932 = 3*o + t*w, 0 = 5*o - 3*w - 8216. What is the units digit of o?
5
Suppose -3*r + 1322 + 20034 + 12364 = 0. What is the units digit of r?
0
What is the thousands digit of ((-20862)/(-152))/(33/704)?
2
Let c(f) = -8*f**2 - 18*f - 1. Let r(x) = -3*x**2 - 6*x - 1. Let p(b) = 2*c(b) - 7*r(b). What is the units digit of p(-5)?
0
Let w = -16335 - -17669. What is the units digit of w?
4
Suppose 6 = 5*w - 2*w + 5*n, 4*w - 4*n - 8 = 0. Suppose 0 = -5*a - 10, 9 = 2*p - w*a - 5. Let j(f) = 2*f**2 + 2*f - 6. What is the tens digit of j(p)?
5
Suppose 5*j - 5785 = 2*f - 38573, -3*f + 2*j = -49160. What is the hundreds digit of f?
3
Let j = -9299 + 67717. What is the units digit of j?
8
Let d be (1 - -20)*(-3 + 35/15). Let h = 19 + d. Suppose 0 = 3*g - 4*x - 166, 2*x - h*x + 88 = 2*g. What is the units digit of g?
0
Suppose 12*p - 294 = 6*p. Suppose -4*d - 52 = 2*g, d - 9 = 5*g - 0*g. Let l = p + d. What is the units digit of l?
8
Let v = -469 - -547. Suppose 55*m - v*m + 30774 = 0. What is the tens digit of m?
3
Let p(t) = -t**3 - 14*t**2 + 14*t - 13. Let q be p(-15). Let w(d) = 5*d - 3. Let r be w(q). Suppose -44 - r = -3*b. What is the tens digit of b?
1
Let k(n) = n**3 - n**2 - 3*n - 1. Let h be k(3). Suppose 0 = -22*g + h*g + 6342. What is the tens digit of g?
5
Let n be (-357)/14*(-20)/3. Let j(m) = 4 + n*m - 168*m - 2*m**2 + 0 + 10*m**3. What is the units digit of j(2)?
0
Suppose 2*m - 335456 = -19*m - 11*m. What is the units digit of m?
3
Let h be (-17992)/(-117) - (0 + (-2)/9). Let z = 264 - h. What is the tens digit of z?
1
Suppose -470907 = 360*c - 467*c. What is the tens digit of c?
0
Let t = 242 - 274. What is the hundreds digit of 3/(-24) + (-14756)/t?
4
Let i = -17 + 21. Suppose 3*b + i*s - 29 = 0, -16 = -b - 3*s + 2. Suppose 3*q - 270 = 3*j, -b*j - j - 93 = -q. What is the tens digit of q?
8
Suppose 4*s = 2*t + 24, 23 = -3*t + 3*s - 4. Let i = t - 7. What is the units digit of (-6)/(-2) - (i - -13)?
3
Let g(a) = -79*a - 134. What is the units digit of g(-47)?
9
Suppose -35*j + 282235 + 4011 + 347884 = 0. What is the thousands digit of j?
8
Suppose -3*s = 3*o - 0*s - 3, o - 7 = 2*s. Let b(t) = 28*t**3 + t**2 - t. Let x be b(1). Suppose -q + x = o*q. What is the units digit of q?
7
Suppose 4863672 = -13*t + 85*t. What is the thousands digit of t?
7
Let j be (1 - 259)/((-29)/(5481/18)). Let q = j - 908. What is the units digit of q?
1
Let h be 15/(-6) - 46*3/(-12). Suppose -2*a + 891 = -3*b, -2239 = h*a - 14*a - 4*b. What is the tens digit of a?
4
Let n(d) = 59642*d**2 + 37*d - 46. What is the ten thousands digit of n(1)?
5
Let o(f) = 3*f + 14. Let j be o(-13). Let c = j - -25. Suppose -4*n + n + 87 = c. What is the tens digit of n?
2
Suppose s = -2*s + 21. Let v(g) = 125*g + 122*g - 365*g + 14 + 120*g + 2*g**2. What is the units digit of v(s)?
6
Let o(z) be the first derivative of 2*z**3 - 3*z**2 + 6*z + 5. Let b = 767 - 761. What is the hundreds digit of o(b)?
1
Let i = 10930 + 84628. Suppose 572 - i = -54*d. What is the units digit of d?
9
Let l be (-88)/(-16)*(-2)/1. Let q be l + 11 + 4/2. Suppose -43 = -q*n + 3*i - 8*i, -2*n = -i - 73. What is the units digit of n?
4
Suppose -5*q = y + 422 - 6358, 4*